 4?
False
Does 8 divide 56963?
False
Is 172 a factor of 1516143?
False
Is 652 a factor of 1549685?
False
Is 834 a factor of 2400840?
False
Does 13 divide 141570?
True
Does 289 divide 5065637?
False
Is 356500 a multiple of 10?
True
Does 64 divide 408503?
False
Does 4 divide 9984868?
True
Does 139 divide 84122?
False
Is 1072112 a multiple of 5?
False
Is 203665 a multiple of 161?
True
Does 29 divide 500565?
False
Is 9966280 a multiple of 1640?
True
Is 144100 a multiple of 262?
True
Does 90 divide 224550?
True
Does 80 divide 371216?
False
Is 79 a factor of 675134?
True
Does 8 divide 16907520?
True
Does 41 divide 3141379?
True
Is 14 a factor of 15887746?
True
Does 135 divide 9687504?
False
Does 158 divide 11607154?
True
Does 191 divide 2345290?
False
Does 1112 divide 19790943?
False
Is 509282 a multiple of 3?
False
Does 404 divide 6490544?
False
Does 10 divide 61441?
False
Is 1055 a factor of 3072972?
False
Does 1909 divide 19999045?
False
Does 16 divide 430832?
True
Does 14 divide 5744960?
False
Is 391572 a multiple of 149?
True
Does 197 divide 4078885?
True
Is 2482199 a multiple of 61?
False
Is 216660 a multiple of 628?
True
Does 68 divide 427108?
True
Is 474 a factor of 16583838?
True
Is 917 a factor of 9699109?
True
Does 10 divide 914404?
False
Does 24 divide 14051905?
False
Is 66 a factor of 2009786?
False
Is 47329 a multiple of 19?
True
Is 1062686 a multiple of 54?
False
Is 872430 a multiple of 50?
False
Does 91 divide 54351?
False
Does 116 divide 11909604?
True
Is 5155786 a multiple of 73?
False
Is 3140781 a multiple of 21?
True
Does 51 divide 2530620?
True
Is 816 a factor of 1148928?
True
Is 2570008 a multiple of 289?
False
Does 38 divide 52852?
False
Does 119 divide 102247?
False
Is 486 a factor of 18954?
True
Is 671 a factor of 16586225?
False
Is 181750 a multiple of 622?
False
Is 35558 a multiple of 289?
False
Is 20 a factor of 6206920?
True
Is 1900 a factor of 6972591?
False
Is 222 a factor of 686814?
False
Does 25 divide 56875?
True
Does 3 divide 58736?
False
Is 476984 a multiple of 436?
True
Is 64149 a multiple of 42?
False
Is 44 a factor of 1723744?
True
Is 13109 a multiple of 30?
False
Is 94 a factor of 154100?
False
Does 71 divide 2996484?
True
Is 94376 a multiple of 189?
False
Is 460 a factor of 4282878?
False
Is 32494 a multiple of 184?
False
Is 410 a factor of 1395640?
True
Is 126 a factor of 4862214?
True
Does 3 divide 678919?
False
Is 216 a factor of 452520?
True
Is 14 a factor of 2710288?
True
Is 402649 a multiple of 4?
False
Does 31 divide 208612?
False
Does 123 divide 553992?
True
Does 62 divide 2725830?
True
Is 6890893 a multiple of 475?
False
Is 2205123 a multiple of 543?
True
Is 195 a factor of 79984?
False
Is 779 a factor of 824182?
True
Does 769 divide 4029093?
False
Does 6 divide 1786584?
True
Is 5 a factor of 743840?
True
Does 13 divide 1293760?
True
Is 195650 a multiple of 182?
True
Does 73 divide 1067260?
True
Is 150 a factor of 2400?
True
Is 606 a factor of 1419265?
False
Is 5044 a multiple of 97?
True
Is 16 a factor of 161766?
False
Does 32 divide 13887249?
False
Is 2200 a factor of 10063782?
False
Does 30 divide 4525726?
False
Does 114 divide 285176?
False
Does 12 divide 330340?
False
Is 35004 a multiple of 6?
True
Does 340 divide 542640?
True
Does 11 divide 11660?
True
Is 8163 a multiple of 6?
False
Does 114 divide 468312?
True
Is 64 a factor of 2824640?
True
Is 612711 a multiple of 16?
False
Is 85 a factor of 4322080?
True
Is 45 a factor of 11789370?
True
Does 19 divide 1432207?
False
Is 274612 a multiple of 26?
True
Is 7 a factor of 381612?
True
Is 13 a factor of 1497990?
True
Is 7 a factor of 107709?
True
Is 4472 a multiple of 4?
True
Is 1889873 a multiple of 19?
True
Is 379254 a multiple of 67?
False
Is 47 a factor of 16269?
False
Is 790825 a multiple of 52?
False
Does 452 divide 126782?
False
Is 99 a factor of 2865159?
True
Is 39078 a multiple of 82?
False
Is 17 a factor of 1422512?
False
Is 22950300 a multiple of 15?
True
Is 610 a factor of 3405943?
False
Is 61650 a multiple of 5?
True
Is 23 a factor of 40731?
False
Does 13 divide 3332042?
False
Is 417972 a multiple of 6?
True
Does 277 divide 253732?
True
Is 1483 a factor of 111225?
True
Is 238315 a multiple of 6?
False
Is 33 a factor of 157036?
False
Is 66 a factor of 3978484?
False
Is 225 a factor of 410400?
True
Is 34 a factor of 97376?
True
Is 117 a factor of 1212510?
False
Does 13 divide 169650?
True
Is 1072129 a multiple of 11?
False
Is 236 a factor of 3664372?
True
Does 5 divide 188585?
True
Does 53 divide 8513862?
False
Is 23 a factor of 538729?
True
Does 967 divide 731144?
False
Is 329345 a multiple of 10?
False
Is 1494080 a multiple of 23?
True
Does 12 divide 754032?
True
Does 32 divide 2395804?
False
Is 255 a factor of 218029?
False
Is 101820 a multiple of 12?
True
Does 31 divide 1991719?
True
Is 48314 a multiple of 49?
True
Does 46 divide 125902?
True
Is 245708 a multiple of 14?
False
Is 21178090 a multiple of 57?
False
Is 17 a factor of 98756?
False
Is 311130 a multiple of 6?
True
Is 15 a factor of 6919680?
True
Does 27 divide 1761487?
False
Does 4 divide 82905?
False
Is 12 a factor of 190596?
True
Does 190 divide 19296350?
False
Does 146 divide 116492?
False
Is 37 a factor of 5408919?
True
Is 59 a factor of 3478869?
False
Is 308730 a multiple of 91?
False
Is 7 a factor of 1150285?
False
Does 33 divide 9441256?
False
Does 481 divide 3778736?
True
Does 15 divide 254805?
True
Is 61 a factor of 1700802?
True
Is 321146 a multiple of 49?
True
Does 221 divide 5359692?
True
Does 48 divide 1717654?
False
Is 26 a factor of 5801207?
False
Is 124155 a multiple of 45?
True
Is 397745 a multiple of 36?
False
Is 13 a factor of 275339?
False
Is 88 a factor of 38549?
False
Does 47 divide 73367?
True
Is 41 a factor of 572196?
True
Is 50 a factor of 1729012?
False
Does 37 divide 1061698?
False
Does 17 divide 27633?
False
Does 46 divide 10182928?
True
Is 534907 a multiple of 15?
False
Is 27185 a multiple of 674?
False
Does 18 divide 35676?
True
Is 52965 a multiple of 45?
True
Does 3 divide 50958?
True
Is 67 a factor of 55633?
False
Is 351 a factor of 1135485?
True
Is 98 a factor of 293715?
False
Is 2061626 a multiple of 98?
True
Is 669592 a multiple of 9?
False
Is 38 a factor of 383040?
True
Does 25 divide 1284213?
False
Is 1044965 a multiple of 124?
False
Does 39 divide 2561350?
False
Does 337 divide 355872?
True
Is 14 a factor of 459903?
False
Is 222656 a multiple of 8?
True
Does 345 divide 1609425?
True
Is 180 a factor of 58603?
False
Is 479 a factor of 215550?
True
Does 347 divide 7825772?
False
Is 7535968 a multiple of 632?
True
Is 5 a factor of 3037?
False
Is 762 a factor of 23622?
True
Is 395249 a multiple of 9?
False
Is 27 a factor of 1566817?
False
Is 6 a factor of 138314?
False
Is 36 a factor of 431568?
True
Is 230 a factor of 891480?
True
Is 4255766 a multiple of 549?
False
Is 827037 a multiple of 9?
True
Is 22165920 a multiple of 108?
True
Is 92700 a multiple of 26?
False
Is 3429784 a multiple of 17?
True
Is 39 a factor of 537615?
True
Is 3002408 a multiple of 772?
False
Is 25 a factor of 81109?
False
Is 3031021 a multiple of 32?
False
Does 317 divide 340775?
True
Is 45 a factor of 14696568?
False
Is 16 a factor of 136144?
True
Does 43 divide 188695?
False
Is 13804416 a multiple of 96?
True
Does 3 divide 73434?
True
Is 801010 a multiple of 70?
True
Does 348 divide 252648?
True
Is 16 a factor of 5355979?
False
Does 288 divide 231873?
False
Is 109512 a multiple of 39?
True
Is 20 a factor of 1165580?
True
Does 17 divide 110505?
False
Is 8731329 a multiple of 200?
False
Is 2586725 a multiple of 106?
False
Is 2731752 a multiple of 205?
False
Does 523 divide 2601402?
True
Does 933 divide 3271882?
False
Does 18 divide 193794?
False
Is 80566 a multiple of 2?
True
Is 9 a factor of 162149?
False
Is 21 a factor of 542743?
False
Is 972231 a multiple of 97?
True
Does 3 divide 61820?
False
Does 14 divide 500164?
True
Does 45 divide 3005203?
False
Is 3251633 a multiple of 77?
True
Is 46864 a multiple of 101?
True
Does 12 divide 1289475?
False
Is 43 a factor of 120474?
False
Is 255623 a multiple of 12?
False
Does 15 divide 246047?
False
Is 1228488 a multiple of 408?
True
Is 10 a factor of 174379?
False
Is 288527 a multiple of 231?
False
Is 772985 a multiple of 